s x(k)?
27
Let p(u) = -35586326*u**3 + 9*u**2 + 35586327*u**3 + 7 + 5. Give p(-9).
12
Let c(t) = 7*t + 1. Let p(m) = 10*m + 2. Let y(b) = -7*c(b) + 5*p(b). Suppose 3*l = -l - 20, -2*d = -2*l + 28. Let h(v) = -v - 26. Let i be h(d). Give y(i).
-4
Let h(i) = i**3 + 3*i**2 + 3*i + 2. Let u = -17 - -22. Let l(j) be the second derivative of -5*j**3/6 + 11*j**2 - 24*j. Let b be l(u). Give h(b).
-7
Let h(g) = -6*g**2 + 73*g - 29. Suppose -w + 58 = 4*f + 14, -2*w - 8 = -4*f. Calculate h(w).
-17
Let v(i) = i**3 + 5*i**2 - 7*i. Let o = -83 + 53. Let q be 58/10 - 6/o. Let u be 3/(15/q + -3). Determine v(u).
6
Let s(k) = -6*k**2 - 5*k + 3. Let u(m) = -13*m**2 - 11*m + 7. Let n(f) = -9*s(f) + 4*u(f). Let i = 284 + -277. Suppose 12*a + i = 5*a. What is n(a)?
2
Let a(q) = 6*q - 10. Let l be a(2). Let u be (2/5)/(l/10*1). Let j(o) = 121*o - 236*o + 119*o + o**u. Give j(-3).
-3
Let b(p) = -12*p**2 - p**3 + 4*p + 20*p**2 + p**2 - 4 - 7*p**2 - 4*p**2. Give b(-4).
12
Let t(p) = -p**2 - p + 23. Let w(v) = 6*v**2 - 4*v - 4. Let l be w(-1). What is t(l)?
-19
Let m(l) = -8*l - 1. Let o be m(-18). Let w = o - 144. Let c(n) = 8*n**2 - n - 1. Give c(w).
8
Suppose -24*q = -409 + 193. Let z(p) = -9*p**2 + 27*p - 4. Let j(k) = 5*k**2 - 14*k + 2. Let w(b) = 7*j(b) + 4*z(b). Calculate w(q).
7
Let h(i) = i**2 + 15*i + 24. Let y be h(-12). Let n be -6*(-8)/y*6/(-8). Let z(k) = -41*k - 2*k**2 + n - k**2 + 4*k**3 + 42*k - 5. Give z(2).
20
Let a = 208 - 208. Suppose 0 = -n + 4*b - 14, a = 2*n + 2*b - 3*b. Let d(z) = -z + 3. Give d(n).
1
Let n(k) = 5*k + 32*k**2 - 2*k**3 + 3*k**3 - 2*k**3 + 948 + 3*k**3 - 953. Calculate n(-16).
-85
Suppose 0*r = -8*r - 50 + 98. Let y(w) = -5*w**2 + 2*w + 18. Give y(r).
-150
Suppose 12*c + 4*u = 10*c + 6, -2*c = 2*u + 2. Let w be 2 - (3 + c - -1). Let m(v) = 2*v**3 - 3*v**2 - 2*v + 4. What is m(w)?
25
Suppose 0 = -4*w - 27 + 179. Let x = -28 + -15. Let a = x + w. Let q(o) = -o - 5. Calculate q(a).
0
Let z(o) = 9*o + 15. Suppose -14*d + 3*l + 4 = -9*d, 6 = -2*l. Let b be z(d). Let u(k) = -k + 0 + 0 + 5. Give u(b).
-1
Let d(a) = -a**3 + 9*a**2 - 15*a - 43. Let o be d(6). Let g(r) = -r**3 - 23*r**2 + 48*r - 48. Calculate g(o).
2
Suppose n = h - 4, 3*h = 4*n - 0 + 15. Let m(j) = 30*j**3 - 1. Determine m(h).
29
Let f(v) = -4*v**3 - 8*v**2 + 2*v + 3. Let k = -76 - -73. Let n(p) = -5*p**3 - 9*p**2 + 3*p + 3. Let y(d) = k*n(d) + 4*f(d). What is y(-5)?
8
Let u(m) = -m**3 + 2*m. Let q(y) = -2*y**2 - 2*y - 3*y - 2 - 3. Let x be ((13 + -8)/(-10))/((-1)/(-2)). Let c be q(x). Calculate u(c).
4
Suppose 0 = 285*w - 322*w + 148. Let h(a) be the third derivative of 5/6*a**3 + 1/120*a**6 + 0 + 5/24*a**w + 0*a - 5*a**2 + 1/12*a**5. What is h(-4)?
1
Let j(s) = s**3 + 2*s + 78. Let p = 26656 - 26656. Determine j(p).
78
Let n = -2723 - -2715. Let r(g) = g**3 + 7*g**2 - 8*g + 7. Determine r(n).
7
Let w(i) = 2*i**2 - 11*i - 28. Let h be w(-4). Suppose -r + 2*r + 2*t - 19 = 0, 0 = 4*r + t - h. Let c(f) = f**2 - 11*f + 8. What is c(r)?
8
Let d(z) = -2*z**2 - 30*z - 8. Let n be 4/(-34) + (-38350)/195*12/170. Calculate d(n).
20
Let i(w) = 51 - 45 - 3 + 6*w**2 - 11*w - w - 15. Calculate i(-1).
6
Let y(c) = 2*c + 14. Let g(i) = i**3 + 6*i**2 + 6*i + 2. Let m be g(-3). Suppose 155 = -m*j + 34. Determine y(j).
-8
Let f(t) = -98*t + 620. Let o(z) = 33*z - 205. Let s(y) = 4*f(y) + 11*o(y). Let g be s(8). Let d(r) = -4*r. What is d(g)?
28
Let n(i) = -3*i + 295 - 3*i - 3*i**2 - 285. What is n(-4)?
-14
Let u(o) = 2*o - 6. Let c be u(6). Let n(d) = -11 - 5*d**2 - 5*d**2 + 3 - 14*d**2 + 25*d**2 - 7*d. Give n(c).
-14
Suppose -1302*g + 1333*g = -124. Let c(v) = -v**2 - 5*v. What is c(g)?
4
Let a(d) = d**2 + 10*d - 7. Suppose -5*u + 25 = 0, -14 = -2*i + u - 41. What is a(i)?
4
Let p(x) = -x**3 + 20*x**2 - 72. Let g(y) = y**3 + 37*y**2 - 85*y - 253. Let c be g(-39). What is p(c)?
-72
Let v be (42/(-9) + 4)*-3. Suppose -6*c = -12 - 6. Let g(h) = -h**c - 7*h**2 - v + h**2 + 2 + 3 - h. Determine g(-6).
9
Let c = 390 + -264. Let a(n) = -9 + 129*n + c*n - 253*n. Determine a(0).
-9
Suppose -5*y = 3*w - 11, -3*w = -61*y + 59*y + 17. Let u(k) = 0 - 7 + 2*k - 2*k + 5*k - y*k. Let t(n) = n**2 + 2*n - 3. Let h be t(-4). Determine u(h).
-2
Let x(q) = -q**3 + 8*q**2 + 44*q - 250. Let g be x(10). Let z(o) = -5*o - 25. Determine z(g).
25
Let j be (4 + 30/(-20))/(-5*(-2)/12). Let y(m) = -2*m**2 - 4*m - 2. Let v(c) = -c**2 - c. Let h(u) = -3*v(u) + y(u). Determine h(j).
4
Let j be 470/(-2) - (-4 - -2)/(-2). Let f = -237 - j. Let y(b) = 2*b. What is y(f)?
-2
Let b = -3164 - -3158. Let q(x) = 0*x**2 + 13 - 5*x + 0*x**2 - x**2 - 3. What is q(b)?
4
Let t(k) = -k**2 + 14*k - 57. Let i = 15979 - 15966. Calculate t(i).
-44
Let c(u) = -2*u**3 + 17*u**2 + 11*u - 16. Suppose 3*d = -3*i + 33, -5*i + 2*d - 17 = -58. Give c(i).
2
Suppose -46*f + 66 = -72. Let b(c) be the second derivative of c**5/30 + c**4/12 - c**3/6 - c. Let l(s) be the second derivative of b(s). Give l(f).
14
Let y(m) = 1421*m + 4269. Let w be y(-3). Let l(g) = g**3 - 6*g**2 - 2*g + 16. Determine l(w).
4
Let n(f) = f**2 - 44*f - 954. Let k be n(-16). Let w(d) = 1 + 2*d - 37*d**2 + 30*d**2 + 6 + 2*d + d**3. Give w(k).
-5
Let x(m) be the third derivative of -4*m**2 + 0*m + 1/12*m**4 + m**3 + 0. Let c(b) = b**3 - 7*b**2 - 2*b + 7. Let l be c(7). Determine x(l).
-8
Suppose 418 = 657*k - 679*k. Let i(h) = -4*h**2 - 74*h + 41. What is i(k)?
3
Let f(d) be the third derivative of 11*d**6/720 - d**5/120 + d**4/12 - 15*d**2. Let b(a) be the second derivative of f(a). Give b(-1).
-12
Let d(m) = -2*m + 0*m - 1 + 0*m - 57*m**2 - 85*m**2 + 0*m + 143*m**2. Let c = 5 - 7. Calculate d(c).
7
Suppose -5 = -3*h - 2, -3*i - 4*h = 32. Let d be 229/6 - 0 - (-2)/i. Let l = 35 - d. Let o(k) = k**3 + 3*k**2 + k + 4. Determine o(l).
1
Suppose 2 = j, 3*z + 6*j - 2*j = -16. Let k(y) = -y**3 - 7*y**2 + 9*y + 12. Give k(z).
4
Let b(p) = 2*p**2 - 2*p + 1. Let a(n) = -n**2 + 1. Let d(y) = a(y) + b(y). Let z = -296129 - -296129. Determine d(z).
2
Suppose -27*x = -25*x. Suppose -5*q + 10 = -x*q. Let u(o) = -o**2 + 2*o - 3. Determine u(q).
-3
Let o = 3 + -4. Let v(b) = 5*b**3 + 4*b**2 + 1. Let z(x) = 5*x**3 + 5*x**2 + 1. Let q(g) = -2*g + 6. Let h be q(5). Let j(t) = h*z(t) + 5*v(t). What is j(o)?
-4
Let j = -220 + 229. Let o(f) be the second derivative of 2*f**3/3 - 3*f**2/2 - 118*f. Give o(j).
33
Let z(k) = -k**3 + 4*k**2 + 5*k + 2. Let w = -646 - -648. Let m(o) = o + 3. Let h(d) = 1. Let g(x) = 2*h(x) - m(x). Let y(q) = w*g(q) + z(q). What is y(5)?
-10
Let b(s) = 2*s**3 - 8*s**2 - 2*s + 8. Let a(d) = -5*d**3 + 17*d**2 + 7*d - 17. Let m(f) = -3*a(f) - 7*b(f). Determine m(-6).
1
Let g be 1*3/(3/8). Let i(u) be the first derivative of -1/2*u**2 + 8*u - 123. Calculate i(g).
0
Let h(c) = -2*c**2 - 5*c + 36. Let d be h(4). Let q be 1 + (-4 - d) + -5. Suppose -5*l + 2*z = -1, 4*l + z - 1 = -q. Let f(t) = -t**3 + t. What is f(l)?
0
Let r(y) = -1 + 20583*y**2 - 10295*y**2 - 21*y**3 - 10288*y**2. Determine r(1).
-22
Let t(f) = -f + 18. Let x = -652 - -654. Suppose -2*p - 5*i = -1, -x*i - i = 3*p - 15. Calculate t(p).
10
Let r be (-300)/(-15) + (-6 - 6). Let j(d) = -2*d**2 + 16*d - 2. What is j(r)?
-2
Let y(k) = k**2 + 9*k + 2. Let m be ((-8)/10)/(5/(-25)). Suppose -4*a - m*d + 34 = -6*a, -a + 3 = 2*d. Determine y(a).
-12
Let x = -592 + 621. Suppose -n = 31*p - x*p + 2, 5*p + 14 = -n. Let s(u) = -6*u - 3. What is s(n)?
-39
Let l(w) = 23*w**2. Suppose 329 = -4*n + 221. Let i = n + 28. What is l(i)?
23
Let o(z) be the third derivative of -z**5/60 - 3*z**4/8 - 7*z**3/6 - z**2. Suppose -2*h = 5*q - 129, h + 2*q = -0*q + 66. Suppose 0 = n + 7*n + h. Give o(n).
-7
Let t(h) be the second derivative of -h**4/12 - h**3/2 + 9*h**2 + 8*h + 9. Calculate t(-8).
-22
Let s(j) = 20*j + 7 + 14 + 245*j**2 - 244*j**2 - 30*j. What is s(8)?
5
Let m(a) be the second derivative of -a**3 - 3*a**2 + 30*a. Let i be m(-2). Let j(r) = 4 - 4 - 9*r - 3 + i*r. Calculate j(-5).
12
Suppose m + 2*t + 1 = 0, 0 = -3*m + 3*t + 23 + 10. Suppose -v + 10 = 4*v. Let p(g) = -g**3 - g + 6*g**v + 7*g + g - 10. What is p(m)?
-10
Let x be (-20*(-9)/6)/(-1). Let v be (-6)/x + 58/10. Let k(c) be the second derivative of c**4/12 - 7*c**3/6 + 2*c**2 + c + 3528. Calculate k(v).
-2
Suppose -2*m + 2 = -10. Suppose m - 4 = l. Let c(x) = -2*x*